 when 1091931 is divided by 2041?
2037
Calculate the remainder when 2141260 is divided by 214124.
20
Calculate the remainder when 330869548 is divided by 82717384.
12
Calculate the remainder when 11815 is divided by 216.
151
What is the remainder when 2146732 is divided by 19?
17
What is the remainder when 16492544 is divided by 38624?
96
Calculate the remainder when 3076429 is divided by 27225.
4
Calculate the remainder when 39693 is divided by 1228.
397
What is the remainder when 43151769 is divided by 73890?
9
What is the remainder when 1638768 is divided by 148970?
98
Calculate the remainder when 2431485 is divided by 167.
132
What is the remainder when 342693 is divided by 68529?
48
Calculate the remainder when 903507 is divided by 10385.
12
What is the remainder when 4285 is divided by 213?
25
What is the remainder when 209426291 is divided by 1649?
1642
Calculate the remainder when 10014566 is divided by 58.
54
What is the remainder when 656209 is divided by 40950?
1009
Calculate the remainder when 72861 is divided by 72851.
10
What is the remainder when 238209 is divided by 13160?
1329
Calculate the remainder when 69980 is divided by 22770.
1670
Calculate the remainder when 122754 is divided by 99.
93
Calculate the remainder when 1721574 is divided by 1581.
1446
Calculate the remainder when 57338902 is divided by 808.
798
Calculate the remainder when 236014547 is divided by 438.
437
Calculate the remainder when 1004190 is divided by 334726.
12
Calculate the remainder when 2451987 is divided by 1104.
3
What is the remainder when 6463316 is divided by 201?
161
What is the remainder when 221876659 is divided by 1930?
1929
What is the remainder when 1222502 is divided by 50?
2
What is the remainder when 7915 is divided by 2665?
2585
What is the remainder when 91443170 is divided by 30481044?
38
What is the remainder when 17546524 is divided by 138?
100
Calculate the remainder when 40388990 is divided by 135080.
70
Calculate the remainder when 371081 is divided by 1060.
81
What is the remainder when 189361630 is divided by 14?
10
What is the remainder when 104804 is divided by 14972?
0
What is the remainder when 32012 is divided by 1425?
662
Calculate the remainder when 2488309 is divided by 2202.
49
What is the remainder when 3191497 is divided by 6357?
283
Calculate the remainder when 401849 is divided by 113.
21
Calculate the remainder when 1092485 is divided by 456.
365
What is the remainder when 2868 is divided by 1579?
1289
What is the remainder when 125909933 is divided by 6049?
6047
What is the remainder when 142655903 is divided by 1504?
1503
Calculate the remainder when 26219174 is divided by 13109539.
96
What is the remainder when 1486982 is divided by 495604?
170
What is the remainder when 1480149 is divided by 1563?
1551
What is the remainder when 97014 is divided by 1253?
533
What is the remainder when 102220 is divided by 1792?
76
What is the remainder when 236199915 is divided by 2333?
2329
What is the remainder when 6974 is divided by 211?
11
What is the remainder when 4585154 is divided by 231?
35
Calculate the remainder when 47395 is divided by 76.
47
Calculate the remainder when 4291037 is divided by 186.
17
What is the remainder when 176853 is divided by 883?
253
What is the remainder when 18674454 is divided by 22?
18
What is the remainder when 279801 is divided by 34949?
209
Calculate the remainder when 4244934 is divided by 175.
134
What is the remainder when 13924163 is divided by 157?
147
Calculate the remainder when 1000493 is divided by 460.
453
What is the remainder when 502223 is divided by 502036?
187
Calculate the remainder when 29572 is divided by 5395.
2597
What is the remainder when 4833166 is divided by 4?
2
Calculate the remainder when 2407083 is divided by 345.
18
Calculate the remainder when 324857 is divided by 12694.
7507
Calculate the remainder when 4674591 is divided by 3215.
3196
What is the remainder when 3890744 is divided by 21615?
44
What is the remainder when 90595 is divided by 90472?
123
What is the remainder when 9784329 is divided by 124?
109
What is the remainder when 10355440 is divided by 2588851?
36
Calculate the remainder when 4622854 is divided by 12427.
10
Calculate the remainder when 82649 is divided by 528.
281
What is the remainder when 336189 is divided by 4872?
21
Calculate the remainder when 4765578 is divided by 6040.
18
Calculate the remainder when 77792 is divided by 5980.
52
Calculate the remainder when 173347 is divided by 2381.
1915
What is the remainder when 54979469 is divided by 94?
91
Calculate the remainder when 82426 is divided by 41113.
200
What is the remainder when 5649081 is divided by 7?
4
What is the remainder when 98015 is divided by 41?
25
What is the remainder when 21481116 is divided by 610?
576
Calculate the remainder when 61717 is divided by 4393.
215
What is the remainder when 5552722 is divided by 889?
28
What is the remainder when 2702033 is divided by 140?
33
Calculate the remainder when 317576 is divided by 158428.
720
What is the remainder when 21639302 is divided by 1081965?
2
Calculate the remainder when 51840059 is divided by 1860.
1859
Calculate the remainder when 941435 is divided by 156898.
47
What is the remainder when 6755803 is divided by 55?
43
What is the remainder when 32908879 is divided by 3063?
7
What is the remainder when 27808 is divided by 26577?
1231
What is the remainder when 2552754 is divided by 6399?
5952
What is the remainder when 4158110 is divided by 3445?
3440
Calculate the remainder when 11223987 is divided by 1668.
15
Calculate the remainder when 44571 is divided by 408.
99
What is the remainder when 2588038 is divided by 1842?
28
Calculate the remainder when 59448747 is divided by 722.
711
What is the remainder when 3597164 is divided by 3206?
32
What is the remainder when 412918 is divided by 610?
558
What is the remainder when 324326 is divided by 15437?
149
Calculate the remainder when 93756 is divided by 41.
30
Calculate the remainder when 39102 is divided by 12630.
1212
Calculate the remainder when 1203021 is divided by 37.
3
Calculate the remainder when 92405375 is divided by 896.
895
What is the remainder when 2373649 is divided by 49?
40
Calculate the remainder when 12992099 is divided by 4191.
4190
Calculate the remainder when 291326 is divided by 1079.
1075
What is the remainder when 399812 is divided by 9992?
132
What is the remainder when 782206 is divided by 547?
543
What is the remainder when 2290442 is divided by 392?
378
Calculate the remainder when 7650727 is divided by 637552.
103
What is the remainder when 49054 is divided by 1223?
134
What is the remainder when 12908849 is divided by 44?
41
Calculate the remainder when 209350775 is divided by 10.
5
What is the remainder when 663307 is divided by 396?
7
Calculate the remainder when 134772 is divided by 42811.
6339
What is the remainder when 5848793 is divided by 39?
2
What is the remainder when 6055 is divided by 1922?
289
Calculate the remainder when 164621 is divided by 82157.
307
Calculate the remainder when 93715 is divided by 46850.
15
Calculate the remainder when 46752 is divided by 40192.
6560
What is the remainder when 484444 is divided by 11266?
6
What is the remainder when 5633423 is divided by 464?
463
What is the remainder when 89391 is divided by 11169?
39
Calculate the remainder when 7250346 is divided by 16783.
90
Calculate the remainder when 364448 is divided by 60423.
1910
What is the remainder when 152182 is divided by 14350?
8682
What is the remainder when 1371175 is divided by 80?
55
What is the remainder when 15374097 is divided by 611?
115
Calculate the remainder when 976819 is divided by 27909.
4
What is the remainder when 9208140 is divided by 260?
240
What is the remainder when 6258701 is divided by 1534?
1515
What is the remainder when 29831343 is divided by 3728916?
15
Calculate the remainder when 3171934 is divided by 7.
3
Calculate the remainder when 2676978 is divided by 5198.
8
What is the remainder when 28370482 is divided by 5134?
5132
Calculate the remainder when 11666296 is divided by 96.
88
What is the remainder when 386312 is divided by 128642?
386
Calculate the remainder when 310481 is divided by 34496.
17